
-95a9925
In base 10, what is -687 - -147418?
146731
In base 7, what is 4 + -211333056?
-211333052
In base 2, what is -1001 - 1000111101000010011011?
-1000111101000010100100
In base 16, what is -28c17d - -f?
-28c16e
In base 2, what is 11 - -101001010111010000000001100?
101001010111010000000001111
In base 8, what is 5 - -410161116?
410161123
In base 3, what is -20 + -2020221100110111?
-2020221100110201
In base 4, what is 1321 + 10311230010?
10311231331
In base 14, what is -1 + 58ad832?
58ad831
In base 13, what is 4461c32 - -5?
4461c37
In base 3, what is -2021211011021100 + 10?
-2021211011021020
In base 3, what is 12022200102 + -1020?
12022122012
In base 12, what is 1a12b2a + -4?
1a12b26
In base 9, what is -6 - -5082127?
5082121
In base 6, what is 1211213 - -2035?
1213252
In base 8, what is 240403 - -1035?
241440
In base 14, what is 1 - -2784b16?
2784b17
In base 8, what is -4633 + 363765?
357132
In base 12, what is 2 - -754357?
754359
In base 16, what is -2 + -c41cb5?
-c41cb7
In base 3, what is 20010000020022012 - -10?
20010000020022022
In base 7, what is -2 - 213553246?
-213553251
In base 5, what is -323 - 11440110?
-11440433
In base 10, what is -27 - 143809?
-143836
In base 4, what is -3 + 120032110?
120032101
In base 7, what is -113 + 151401535?
151401422
In base 14, what is 245a + 64?
24c0
In base 9, what is -562656 - -165?
-562481
In base 14, what is -4dbd1 + 1b?
-4dbb4
In base 5, what is 3 + 1142323321?
1142323324
In base 8, what is 4 + 156106201?
156106205
In base 14, what is -3845291 + 5?
-384528a
In base 9, what is -5383 - -62580?
56186
In base 3, what is 1000120010 + 21020111?
1021210121
In base 14, what is -11c5d170 - -3?
-11c5d16b
In base 6, what is 2225114 - 412?
2224302
In base 7, what is 2 - -10325120?
10325122
In base 7, what is -122 + 26130053?
26126631
In base 2, what is -101 + 1000001100001000000011111?
1000001100001000000011010
In base 10, what is 346951 - -13?
346964
In base 16, what is 37abec0 - -1?
37abec1
In base 16, what is 1 + -17a08ac?
-17a08ab
In base 5, what is 143240 + 1221210?
1420000
In base 2, what is 1111001010101001110 - -1111?
1111001010101011101
In base 13, what is -4 - 183c1a2?
-183c1a6
In base 10, what is 28514122 + -4?
28514118
In base 8, what is -1 + 15025000?
15024777
In base 15, what is -4 + -42b86be?
-42b86c3
In base 10, what is -18728381 - -3?
-18728378
In base 12, what is 18 - 458470b?
-45846b3
In base 9, what is -2 - -2348260?
2348257
In base 7, what is 5421225 + 145?
5421403
In base 4, what is -1120310201113 - -231?
-1120310200222
In base 15, what is 5 + -18775db?
-18775d6
In base 10, what is 524 - 46212?
-45688
In base 16, what is 1e4d5 - -172a?
1fbff
In base 8, what is -402 + 4543136?
4542534
In base 12, what is -41a82668 - 2?
-41a8266a
In base 2, what is 11111111001111010 - -101111111?
11111111111111001
In base 6, what is 1 + -45254242?
-45254241
In base 5, what is 4 + -112212421044?
-112212421040
In base 10, what is -2 + -80972265?
-80972267
In base 10, what is -24275975 + -4?
-24275979
In base 15, what is -6b - -13e014?
13de98
In base 7, what is 1012542556 - -1?
1012542560
In base 15, what is -33 - c314?
-c347
In base 11, what is 7 - -1aa5337a?
1aa53386
In base 16, what is -39 + -3293b8?
-3293f1
In base 4, what is 131 - -231223102232?
231223103023
In base 9, what is 2051 - 1301528?
-1288467
In base 12, what is -234 + 617bb?
61587
In base 9, what is 65360 + 1087?
66457
In base 6, what is -105433 - 51431?
-201304
In base 8, what is -3 - 13007366?
-13007371
In base 7, what is -302 - 66060?
-66362
In base 15, what is 16c0d6c - 2?
16c0d6a
In base 3, what is -211220 - -200210100212?
200202111222
In base 3, what is 20212022210 + -2220?
20212012220
In base 9, what is 206538 - 162?
206366
In base 5, what is -10 + -122223023413?
-122223023423
In base 14, what is 53db478 + -2?
53db476
In base 6, what is -530145 - 124034?
-1054223
In base 4, what is 30130312310 + 0?
30130312310
In base 16, what is -922b - 3d56?
-cf81
In base 3, what is 122202 - -1002000111?
1002200020
In base 15, what is 3b35789 + -3?
3b35786
In base 9, what is -17320 + -451?
-17771
In base 16, what is -1b18f256 - -1?
-1b18f255
In base 8, what is -2466 + 14431?
11743
In base 12, what is -31aab6 + 5?
-31aab1
In base 2, what is -1111100011011011101010 - 1101?
-1111100011011011110111
In base 16, what is 13f + ddfb?
df3a
In base 2, what is -10100100 + -1100011000000010001?
-1100011000010110101
In base 3, what is -120220 - 221001000022?
-221001121012
In base 15, what is -756 + 8e8?
192
In base 11, what is -44a + 10123?
a784
In base 12, what is 3 - -821a80?
821a83
In base 7, what is 3113561 + 3?
3113564
In base 15, what is -1 - -e63a8e9?
e63a8e8
In base 6, what is 13 + 5351424320?
5351424333
In base 8, what is 1 + -10445211?
-10445210
In base 14, what is -22 - 16a3c18?
-16a3c3a
In base 11, what is 1952 - 37265?
-35413
In base 6, what is 111233210 - 25?
111233141
In base 6, what is 2350 - -12322?
15112
In base 4, what is -2003 - 13202232122?
-13202300131
In base 6, what is 44123523 - 10?
44123513
In base 9, what is -47286 + -78?
-47375
In base 12, what is 554871 - 1?
554870
In base 3, what is -22222022000 + -10120?
-22222102120
In base 6, what is 24234 + -1022033?
-553355
In base 9, what is 264831 - 13?
264817
In base 12, what is 3091a821 + -12?
3091a80b
In base 7, what is 1433126 - 2105?
1431021
In base 4, what is -33131112122 + 21?
-33131112101
In base 5, what is 3 - -134100444013?
134100444021
In base 4, what is -1122320 - 121233?
-1310213
In base 15, what is 612b7 + 1c?
612d4
In base 5, what is 31312 - -11143013?
11224330
In base 3, what is 12 + 12002110201221?
12002110202010
In base 12, what is -2b93 + -ab8?
-3a8b
In base 2, what is -10 + 101110111111101100001101110?
101110111111101100001101100
In base 16, what is 9a99 + -62?
9a37
In base 12, what is 90b3 + 295a?
ba51
In base 8, what is 622 + -116557?
-115735
In base 7, what is -15 + -11026205?
-11026223
In base 3, what is -2212110110222 + -121022?
-2212111002021
In base 14, what is 57a693 - 15?
57a67c
In base 2, what is 10010000100111101 - -1111011001?
10010010100010110
In base 16, what is 4400 + -680?
3d80
In base 11, what is 1558 + -1687?
-12a
In base 8, what is 733702755 - 3?
733702752
In base 8, what is -10255 + 75274?
65017
In base 8, what is -121462301 - 45?
-121462346
In base 5, what is 2300 + 1013414?
1021214
In base 11, what is 7728 + -774?
6a64
In base 5, what is 21032 - 3042123?
-3021041
In base 5, what is -21 + -200112421?
-200112442
In base 7, what is -11 + 50056505?
50056464
In base 8, what is 1 + -610312?
-610311
In base 3, what is 10102122110112 - -11011?
10102122121200
In base 11, what is 251025 + -20?
251005
In base 9, what is 112113 + -1?
112112
In base 16, what is 8ae57 - 4a4?
8a9b3
In base 6, what is -153050011 - 11?
-153050022
In base 7, what is 65 - 502051?
-501653
In base 10, what is 2809 + -2413?
396
In base 11, what is 5917 + -41?
5886
In base 2, what is -101101 - 111011111101100000?
-111011111110001101
In base 10, what is 315111 - 10?
315101
In base 10, what is 38798 + -359?
38439
In base 11, what is 8125126 - -1?
8125127
In base 13, what is -27c3c5 - 5a?
-27c452
In base 2, what is 110001010100011110110 - -10100010?
110001010100110011000
In base 2, what is -1101011001 - -1101010011010?
1011101000001
In base 3, what is 1022110000022 - 2002?
1022102221020
In base 7, what is 334204 + -56?
334115
In base 6, what is 2 + 111031253?
111031255
In base 2, what is -11101111100001011101100000 - -10?
-11101111100001011101011110
In base 10, what is -34641 - 183?
-34824
In base 15, what is -25e019a + 1e?
-25e017b
In base 9, what is -34118730 + -1?
-34118731
In base 15, what is -5 - 93bd81?
-93bd86
In base 5, what is -4432 - -233210?
223223
In base 9, what is -16727 - -1657?
-15060
In base 10, what is 2 - -39148862?
39148864
In base 10, what is 84082 + -157?
83925
In base 8, what is 57404470 + -4?
57404464
In base 5, what is 4 - -112231400020?
112231400024
In base 14, what is 2055651 - -11?
2055662
In base 15, what is -3 - -bec983c?
bec9839
In base 11, what is -24 + -59448?
-59471
In base 16, what is 9a0b3 - 12?
9a0a1
In base 10, what is -62 + 2553569?
2553507
In base 13, what is -23b108 + -3?
-23b10b
In base 15, what is -2abe724 - 5?
-2abe729
In base 12, what is 431 + -38